In base 16, what is 4 + -14aec?
-14ae8
In base 16, what is f30 + -1d?
f13
In base 5, what is -1144 - -14434?
13240
In base 2, what is 11 - 10001110110010010?
-10001110110001111
In base 16, what is 12 - -8ea?
8fc
In base 11, what is -252116 + 11?
-252105
In base 9, what is 16 - 107271?
-107254
In base 5, what is -1143 + -12204?
-13402
In base 7, what is -6164 + -4?
-6201
In base 13, what is -25a0 - -2?
-259b
In base 6, what is 31305251 - 0?
31305251
In base 12, what is 53 - -2098?
212b
In base 11, what is -1749 + 106?
-1643
In base 11, what is -3 - -159a1?
15999
In base 16, what is -4 - -127ea?
127e6
In base 11, what is -244 - -105a?
916
In base 5, what is 1 - -342203?
342204
In base 8, what is 4 - 7702?
-7676
In base 7, what is 1340 - -266?
1636
In base 12, what is -48131 - -6?
-48127
In base 7, what is 2036 - -40?
2106
In base 6, what is 14 + 1035533?
1035551
In base 5, what is -32304 - -22?
-32232
In base 15, what is 8 - 14a31?
-14a28
In base 5, what is -2 - -1112033?
1112031
In base 7, what is 146311 + -123?
146155
In base 15, what is -215d8 - 2?
-215da
In base 2, what is 1011011111100011 - 1?
1011011111100010
In base 10, what is 348834 + -4?
348830
In base 7, what is -46462 - -6?
-46453
In base 9, what is 2 - 26053?
-26051
In base 14, what is 29c - -479?
737
In base 13, what is 10 + 156?
166
In base 10, what is 15591 - 0?
15591
In base 12, what is 44002 + -1?
44001
In base 6, what is -3252 - 3104?
-10400
In base 12, what is 2 - 6681b?
-66819
In base 13, what is 867b + -6?
8675
In base 5, what is -223231 - 102?
-223333
In base 11, what is -1723a9 - -2?
-1723a7
In base 9, what is -167 + -3268?
-3446
In base 7, what is -1132 - -21136?
20004
In base 7, what is 353225 - -1?
353226
In base 14, what is -d + 1b902?
1b8d3
In base 6, what is 3 + -542423?
-542420
In base 16, what is -4 - -2b99?
2b95
In base 11, what is -61444a - -2?
-614448
In base 15, what is 3 + 1d9b9?
1d9bc
In base 13, what is 2 + -c7b2?
-c7b0
In base 15, what is 430c + -93?
4269
In base 9, what is -1780462 - 3?
-1780465
In base 16, what is 9 - 1a3?
-19a
In base 15, what is 1 + -16353d?
-16353c
In base 9, what is -211108 - -26?
-211072
In base 7, what is 13361 + -130?
13231
In base 11, what is -1 - 2a500?
-2a501
In base 16, what is -10e7a - -1?
-10e79
In base 7, what is -3 + 3543300?
3543264
In base 12, what is -2 + 17a45?
17a43
In base 6, what is -2 + -10431?
-10433
In base 11, what is 16 - 210?
-1a5
In base 3, what is -2 + 100002211?
100002202
In base 8, what is 3275 + 11?
3306
In base 11, what is 52834 - 4?
52830
In base 3, what is 1001010101 + 10211?
1001021012
In base 8, what is 3222 - -11?
3233
In base 16, what is -27dea - 0?
-27dea
In base 6, what is -1010 - -23131?
22121
In base 12, what is -13 - 21322?
-21335
In base 11, what is -3 + -23549?
-23551
In base 2, what is 10101 + -111011110?
-111001001
In base 7, what is 153106 - 3?
153103
In base 11, what is 473 + 85?
548
In base 15, what is 33 + 3d?
71
In base 12, what is 3 - 5745b?
-57458
In base 12, what is -23 + -1062?
-1085
In base 15, what is 1 - -4180?
4181
In base 8, what is 405 + 17221?
17626
In base 7, what is -3003 - -4450?
1444
In base 5, what is -34340 - 14?
-34404
In base 16, what is 4 - -d3?
d7
In base 4, what is 122312102 + -1?
122312101
In base 7, what is -5 + 4064354?
4064346
In base 14, what is d430b - 2?
d4309
In base 6, what is -1400 - 5225?
-11025
In base 5, what is -30122 - 101?
-30223
In base 16, what is 1d - -1e52?
1e6f
In base 11, what is -26a39 - -7?
-26a32
In base 11, what is -46270 - 4?
-46274
In base 3, what is -10 - 10010021112?
-10010021122
In base 13, what is -2729 - 4?
-2730
In base 7, what is -2 + -11610?
-11612
In base 6, what is -1 + -24153?
-24154
In base 9, what is 3372373 + -3?
3372370
In base 15, what is -19 - 7768?
-7782
In base 5, what is 324 - -11340?
12214
In base 3, what is -211 - -1022122?
1021211
In base 10, what is 143 + -409?
-266
In base 15, what is b - 11c5a?
-11c4e
In base 9, what is -3 + -3651?
-3654
In base 2, what is -110000 + 1000110100011?
1000101110011
In base 12, what is -974 - 1b?
-993
In base 10, what is -1801 - 497?
-2298
In base 6, what is -300 - 410504?
-411204
In base 6, what is 1 + -1132305?
-1132304
In base 14, what is 921c4 + -11?
921b3
In base 3, what is -10212011 - 122?
-10212210
In base 6, what is 101542 - 12?
101530
In base 15, what is 55cce + -5?
55cc9
In base 5, what is -41421 - -32?
-41334
In base 16, what is 8 + -fb7?
-faf
In base 15, what is 5 + 1404?
1409
In base 12, what is 88 + 14b0?
1578
In base 5, what is -41212234 + -22?
-41212311
In base 14, what is 6 + 16509?
16511
In base 15, what is -39c0d1 + -1?
-39c0d2
In base 11, what is 4743 - 5?
4739
In base 6, what is -53 + 13254?
13201
In base 13, what is b25a - 15?
b245
In base 5, what is 3 - -221144320?
221144323
In base 3, what is -102200 - 1220?
-111120
In base 13, what is 19 + 3a0?
3b9
In base 7, what is 23 - -13000?
13023
In base 11, what is 4 - -22372?
22376
In base 9, what is -2 - 231113?
-231115
In base 3, what is -2001100 + 1220002?
-11021
In base 14, what is -958 + -62?
-9ba
In base 8, what is -6 + 27103?
27075
In base 6, what is -53 + -1123?
-1220
In base 8, what is 165 - -14236?
14423
In base 5, what is 23011 + -14?
22442
In base 4, what is 0 + -1112010130?
-1112010130
In base 8, what is -1373222 + 0?
-1373222
In base 11, what is 5746a - -2?
57471
In base 16, what is -82e - 7?
-835
In base 8, what is -56533 - 1?
-56534
In base 12, what is -3 - b408?
-b40b
In base 6, what is -11222 + 535?
-10243
In base 15, what is 43c6da + -2?
43c6d8
In base 16, what is 27bdb + 3?
27bde
In base 9, what is -101 + -64627?
-64728
In base 13, what is 1a3ac + -3?
1a3a9
In base 15, what is -6 + 8253?
824c
In base 16, what is 13ffc + -1b?
13fe1
In base 12, what is -3 + -1a677?
-1a67a
In base 2, what is 1011 - -1001111001100?
1001111010111
In base 10, what is -3 - -32993?
32990
In base 6, what is -13513 - 11445?
-25402
In base 16, what is -1c6 + 4?
-1c2
In base 4, what is 10 - 1332303321?
-1332303311
In base 8, what is -47 - -1210?
1141
In base 4, what is -1331 + 2132?
201
In base 4, what is -110220 - -23202?
-21012
In base 2, what is -100000100010111000 - -110?
-100000100010110010
In base 2, what is -101010111110111 + -1?
-101010111111000
In base 9, what is -25022 - 3?
-25025
In base 3, what is -1101 + 1121112?
1120011
In base 4, what is 23 - 123223002?
-123222313
In base 11, what is -3 + 17820?
17818
In base 8, what is 53730 + 14?
53744
In base 14, what is -1965 + 40?
-1925
In base 5, what is -4210304 + 1?
-4210303
In base 14, what is -a845 + 3?
-a842
In base 13, what is -2 + a8a0?
a89b
In base 16, what is 5 + fd532?
fd537
In base 3, what is -1021111212 + 102?
-1021111110
In base 6, what is 154 - -2531?
3125
In base 6, what is 325233 - 0?
325233
In base 15, what is -1338 - 20?
-1358
In base 13, what is -12105 + -33?
-12138
In base 5, what is -2 + 1340204?
1340202
In base 5, what is 102 - 201414?
-201312
In base 8, what is 3 + -226014?
-226011
In base 5, what is -44 - -312411?
312312
In base 4, what is 102212 + 33?
102311
In base 2, what is 11010011000101 - 10010011?
11010000110010
In base 13, what is -20a + -26?
-233
In base 13, what is 3 + 306a8?
306ab
In base 12, what is -a33 - 511?
-1344
In base 13, what is 12 - 17807?
-177c5
In base 5, what is 342241014 + 2?
342241021
In base 8, what is -443 + -7?
-452
In base 2, what is 100011001011011 - 10?
100011001011001
In base 12, what is -1b69 + -13b?
-20a8
In base 4, what is 2231302 - -1?
2231303
In base 5, what is 12244410 + -1?
12244404
In base 16, what is f5 + 39b?
490
In base 6, what is 555224 + 5?
555233
In base 10, what is -2018565 - -2?
-2018563
In base 2, what is -1 + -110101101111010?
-110101101111011
In base 9, what is 4 + 13265?
13270
In base 16, what is -4dc - 6?
-4e2
In base 7, what is 1600342 - 0?
1600342
In base 15, what is 60 + -d9?
-79
In base 2, what is -1 + -11110001010000?
-11110001010001
In base 14, what is 709818 + -3?
709815
In base 5, what is -224013 - -30?
-223433
In base 4, what is -312030 + -133?
-312223
In base 9, what is 4 - 257714?
-257710
In base 15, what is -9db - -1?
-9da
In base 11, what is -5 + -76116?
-76120
In base 2, what is -1111010110011100101 + -101?
-1111010110011101010
In base 7, what is 2114 + 12?
2126
In base 9, wh